{"id":1341,"date":"2021-12-25T21:06:14","date_gmt":"2021-12-25T19:06:14","guid":{"rendered":"http:\/\/efijaszbereny.hu\/?page_id=1341"},"modified":"2021-12-25T21:06:45","modified_gmt":"2021-12-25T19:06:45","slug":"egy-kicsi-mozgas-most-az-unnepi-teritett-asztalok-mellol","status":"publish","type":"page","link":"http:\/\/efijaszbereny.hu\/?page_id=1341","title":{"rendered":"Egy kicsi mozg\u00e1s most, az \u00fcnnepi, ter\u00edtett asztalok mell\u0151l&#8230;"},"content":{"rendered":"\n<blockquote class=\"wp-block-quote is-style-large\"><p><strong>Egy kicsi mozg\u00e1s most, az \u00fcnnepi, ter\u00edtett asztalok mell\u0151l fel\u00e1llva k\u00fcl\u00f6n\u00f6sen fontos, k\u00fcl\u00f6n\u00f6sen kell! Ehhez ad seg\u00edts\u00e9get a j\u00e1szber\u00e9nyi EFI kisfilmje; kar\u00e1csonyi \u00e9s \u00fcnnepek k\u00f6z\u00f6tti torna a j\u00f3 k\u00f6z\u00e9rzet, \u00e9s az \u00fcnnepi \u00e9telekkel felgy\u0171lt kal\u00f3ri\u00e1k \u00e9get\u00e9se \u00e9rdek\u00e9ben. A gyakorlatokat az eg\u00e9sz csal\u00e1d elv\u00e9gezheti, gyerekek, fiatalok, id\u0151sek, gyerekek, anyuk\u00e1k, apuk\u00e1k, nagymam\u00e1k, nagypap\u00e1k\u2026 Rajta!<\/strong><\/p><\/blockquote>\n\n\n\n<figure class=\"wp-block-embed-youtube wp-block-embed is-type-video is-provider-youtube wp-embed-aspect-16-9 wp-has-aspect-ratio\"><div class=\"wp-block-embed__wrapper\">\n<iframe loading=\"lazy\" title=\"Egy kicsi mozg\u00e1s most, az \u00fcnnepi, ter\u00edtett asztalok mell\u0151l...\" width=\"1140\" height=\"641\" src=\"https:\/\/www.youtube.com\/embed\/ZtEzQD5L7B4?feature=oembed\" frameborder=\"0\" allow=\"accelerometer; autoplay; clipboard-write; encrypted-media; gyroscope; picture-in-picture\" allowfullscreen><\/iframe>\n<\/div><\/figure>\n","protected":false},"excerpt":{"rendered":"<p>Egy kicsi mozg\u00e1s most, az \u00fcnnepi, ter\u00edtett asztalok mell\u0151l fel\u00e1llva k\u00fcl\u00f6n\u00f6sen fontos, k\u00fcl\u00f6n\u00f6sen kell! Ehhez ad seg\u00edts\u00e9get a j\u00e1szber\u00e9nyi EFI kisfilmje; kar\u00e1csonyi \u00e9s \u00fcnnepek k\u00f6z\u00f6tti torna a j\u00f3 k\u00f6z\u00e9rzet, \u00e9s az \u00fcnnepi \u00e9telekkel felgy\u0171lt kal\u00f3ri\u00e1k \u00e9get\u00e9se \u00e9rdek\u00e9ben. A gyakorlatokat az eg\u00e9sz csal\u00e1d elv\u00e9gezheti, gyerekek, fiatalok, id\u0151sek, gyerekek, anyuk\u00e1k, apuk\u00e1k, nagymam\u00e1k, nagypap\u00e1k\u2026 Rajta!<\/p>\n","protected":false},"author":1,"featured_media":0,"parent":0,"menu_order":0,"comment_status":"closed","ping_status":"closed","template":"","meta":[],"_links":{"self":[{"href":"http:\/\/efijaszbereny.hu\/index.php?rest_route=\/wp\/v2\/pages\/1341"}],"collection":[{"href":"http:\/\/efijaszbereny.hu\/index.php?rest_route=\/wp\/v2\/pages"}],"about":[{"href":"http:\/\/efijaszbereny.hu\/index.php?rest_route=\/wp\/v2\/types\/page"}],"author":[{"embeddable":true,"href":"http:\/\/efijaszbereny.hu\/index.php?rest_route=\/wp\/v2\/users\/1"}],"replies":[{"embeddable":true,"href":"http:\/\/efijaszbereny.hu\/index.php?rest_route=%2Fwp%2Fv2%2Fcomments&post=1341"}],"version-history":[{"count":2,"href":"http:\/\/efijaszbereny.hu\/index.php?rest_route=\/wp\/v2\/pages\/1341\/revisions"}],"predecessor-version":[{"id":1343,"href":"http:\/\/efijaszbereny.hu\/index.php?rest_route=\/wp\/v2\/pages\/1341\/revisions\/1343"}],"wp:attachment":[{"href":"http:\/\/efijaszbereny.hu\/index.php?rest_route=%2Fwp%2Fv2%2Fmedia&parent=1341"}],"curies":[{"name":"wp","href":"https:\/\/api.w.org\/{rel}","templated":true}]}}

Egy kicsi mozgás most, az ünnepi, terített asztalok mellől&#8230;

<blockquote class="wp-block-quote is-style-large"><p><strong>Egy kicsi mozgás most, az ünnepi, terített asztalok mellől felállva különösen fontos, különösen kell! Ehhez ad segítséget a jászberényi EFI kisfilmje; karácsonyi és ünnepek közötti torna a jó közérzet, és az ünnepi ételekkel felgyűlt kalóriák égetése érdekében. A gyakorlatokat az egész család elvégezheti, gyerekek, fiatalok, idősek, gyerekek, anyukák, apukák, nagymamák, nagypapák… Rajta!</strong></p></blockquote>



<figure class="wp-block-embed-youtube wp-block-embed is-type-video is-provider-youtube wp-embed-aspect-16-9 wp-has-aspect-ratio"><div class="wp-block-embed__wrapper">
<iframe loading="lazy" title="Egy kicsi mozgás most, az ünnepi, terített asztalok mellől..." width="1140" height="641" src="https://www.youtube.com/embed/ZtEzQD5L7B4?feature=oembed" frameborder="0" allow="accelerometer; autoplay; clipboard-write; encrypted-media; gyroscope; picture-in-picture" allowfullscreen></iframe>
</div></figure>

<p>Egy kicsi mozgás most, az ünnepi, terített asztalok mellől felállva különösen fontos, különösen kell! Ehhez ad segítséget a jászberényi EFI kisfilmje; karácsonyi és ünnepek közötti torna a jó közérzet, és az ünnepi ételekkel felgyűlt kalóriák égetése érdekében. A gyakorlatokat az egész család elvégezheti, gyerekek, fiatalok, idősek, gyerekek, anyukák, apukák, nagymamák, nagypapák… Rajta!</p>
